- x(l). Determine j(f).
2
Let k = -3 + 9. Suppose 5*z = 4*n - 7, z - 5 = -2*n + k*n. Let l(c) = 2*c - 2. What is l(z)?
-8
Let a(b) be the third derivative of -b**6/120 - b**5/10 + 7*b**4/24 + b**3 + 3*b**2. Let r be a(-7). Let n(z) = -z**2 + 6*z. Give n(r).
0
Let a(f) = f**2 - 6*f - 6. Suppose -3*q + 5 = 2*r, -r + q + 2*q + 16 = 0. Determine a(r).
1
Let l(x) = 1 - 5 + 2 - 4*x. Calculate l(3).
-14
Suppose 3 = -3*z, 2*y - 16 = -y + z. Let d(w) = w**3 + 3*w**2 - w - 1. Let k be d(-2). Let b(m) = -k*m**2 - m**3 - 3*m + m + 2*m**3 + 0*m**2. What is b(y)?
-10
Let w(y) = -y**2 - 2. Let f(x) = -x**2 - 1. Let t(i) = -7*f(i) + 6*w(i). Determine t(0).
-5
Let o = 0 - -8. Let m be (-30)/(-8) + 2/o. Let j(s) = s**3 - 5*s**2 + 5*s - 5. Let i be j(m). Let n(u) = 8*u + 1. Determine n(i).
-7
Let n(p) = -p**3 - 5*p**2 + 1. Suppose -5*g - 4*w = -1904, -5*g - 2*w + 571 + 1331 = 0. Let k be (-6)/(-4)*g/(-15). Let q be k/8 + (-1)/4. Calculate n(q).
1
Let z(c) = 5*c**3 - 18*c**2 - 4*c - 15. Let f(p) = 3*p**3 - 12*p**2 - 3*p - 10. Let s(j) = -8*f(j) + 5*z(j). Calculate s(-6).
-19
Suppose -6*a - 15 = -3*a. Let j(y) = y**3 + 5*y**2 - 2. Calculate j(a).
-2
Suppose -c + 7 = -2*n, -c + n = -0*c - 5. Suppose -3*k - 2*z + 3*z = -4, k - c = 2*z. Let g(l) = 16*l**2 - 1. Determine g(k).
15
Let n(l) be the second derivative of -l**7/2520 + l**6/120 + l**5/120 - l**4/4 - l. Let a(q) be the third derivative of n(q). What is a(5)?
6
Suppose -14 = -5*b + 6, -23 = -3*d - 5*b. Let g(x) = 7*x**3 - x**2 + x - 1. Determine g(d).
6
Suppose 6 = -t - 5*w, 0 = -2*t - 3*w - 11 - 1. Let u(o) = o + 1. Give u(t).
-5
Let g(x) = -1 + 3 - 6*x + 11*x - 4*x. What is g(-6)?
-4
Let m be ((-20)/3)/(-5)*6. Let g = m + -6. Let k(f) = -5 + 3 + 2*f + 0 + f**g. Calculate k(-4).
6
Suppose 0 = -4*t - 12, 0*h - 2*h + 5*t + 67 = 0. Let k = h - 12. Suppose 4*l = 2*z + k, -3*l = l + 3*z - 29. Let o(v) = v**3 - 5*v**2 + v - 6. Determine o(l).
-1
Let t(z) = 16*z + 46. Let j(v) = -3*v - 9. Let d(y) = -11*j(y) - 2*t(y). What is d(-6)?
1
Let s(l) be the second derivative of -l**5/20 - l**4/3 + l**2 - 7*l. Calculate s(-3).
-7
Let y(d) be the third derivative of d**6/120 + d**5/20 - d**4/12 - d**3/6 - d**2. Calculate y(-3).
5
Let p(g) = g**3 - 4*g**2 + 1. Let s(q) = 4*q**2 - 1. Let h be s(1). Calculate p(h).
-8
Let a(r) = r**2. Let b(z) = 3*z**2 + 3*z + 2. Let w(g) = -4*a(g) + b(g). Let t = 1 + 2. What is w(t)?
2
Suppose 9*x + 15 = -3. Let m(v) = v**2 + v + 7. Let a(h) = 4. Let s(n) = -5*a(n) + 3*m(n). Determine s(x).
7
Suppose -10 = 4*g - 2*s, -3*g - 2*g = 4*s + 19. Let n(y) = 6*y**2 - 2*y - 2. Let w(z) = -18*z**2 + 5*z + 5. Let o(b) = g*w(b) - 8*n(b). Calculate o(-1).
6
Let d(c) = c**2 - 6*c - 8. Let p be d(8). Let o be (-51)/(-12) + (-2)/p. Let g(s) = -s + 9. Calculate g(o).
5
Let g(y) = -4*y**2 - 2 + y**3 + 3*y - 3*y. Let v(z) = 3*z + 1. Let s be v(1). Calculate g(s).
-2
Let z(f) = -f**3 - f**2 + f + 5. Let l be -6 + 3 + 5 + -2. Calculate z(l).
5
Let z(u) = -u - 3*u**3 + 8*u**2 + 0*u + 2*u**3 + 5 + 0*u. What is z(8)?
-3
Let y be -1*(-4 + (0 - 1)). Let d(b) be the third derivative of -b**5/120 + b**4/8 - b**3/2 - b**2. Let x(j) be the first derivative of d(j). Determine x(y).
-2
Let k(o) = 2*o**3 - o**2 - o - 1. Let x = 37 + -38. Give k(x).
-3
Let w(r) = -4 + 0 + 3 - 2*r. Let p be (-25)/15 + 1/(-3). What is w(p)?
3
Let u(v) = -3*v**3 + v**2 - v. Let h = 6 + -1. Suppose -4*s - h = -2*t + t, -2*t - 2*s = -30. Suppose 0*x = 2*w - 2*x - 8, -t = -w + 4*x. What is u(w)?
-3
Let n(t) = -7*t + 9. Let o(l) = -4 + 8*l + 0 - 1 - 4*l. Let k(g) = 3*n(g) + 5*o(g). What is k(6)?
-4
Let w(t) = -2*t**2 + 4*t + 5. Suppose y = 1 - 2, -6 = -2*d - 2*y. Give w(d).
-11
Let h(l) = 3*l + 4. Let y(s) = 7*s + 9. Let u(b) = 5*h(b) - 2*y(b). Determine u(-6).
-4
Let g(k) = -5*k + 4. Let p(m) = -m**2 + 7*m - 8. Let l be p(4). Suppose r - 3*j = 0, -j = l*r - 7 - 6. What is g(r)?
-11
Suppose 0 = -l - 5 + 1. Let j(w) = 3*w + 9. Let n be j(l). Let s(g) = 3*g**2 + 3*g - 3. What is s(n)?
15
Suppose 11*q + 7 = 106. Let w(f) = f - 10. Calculate w(q).
-1
Let m(j) be the second derivative of j**4/12 - 2*j**3/3 - 3*j**2/2 - 10*j. What is m(5)?
2
Let p(h) = h**3 - 3*h**2 - 5*h - 2. Suppose 15 = 5*u + 2*r, 4*r = 4*u + 5 + 11. Let a be (u - 3)*(-1 + -7). Suppose x - 5*x = -a. What is p(x)?
-6
Let i(p) = -p**2 - 5*p - 1. Let c be i(-4). Let g(j) = 3*j - 10*j + 3*j + c*j. Calculate g(-5).
5
Let g(d) = -d**3 + 3*d**2 + 6*d - 4. Suppose 3*c = 13 - 1. Determine g(c).
4
Let r(c) = 20*c + c**3 - 8*c - 11*c + 5*c**2. What is r(-5)?
-5
Let c be (2 - 4) + (-1 - -22). Suppose 7 - c = 4*m. Let b(h) = h**3 + 3*h**2 + h + 4. Determine b(m).
1
Let f(d) = -4*d**2 + 2*d - 1. Suppose -2*u - 18 = -5*m, u + 6 + 1 = 2*m. Give f(u).
-3
Let x(y) = 8*y**3 + y + 1. Let a be -1 - 2*(-1)/1. Let j = -2 + a. Determine x(j).
-8
Let y be (-6)/(-21) - 20/70. Let q(z) = 5*z. Let n be q(1). Let u(a) = -a + 4*a**2 - 9 - n*a**2 + 2. Determine u(y).
-7
Suppose d = 3*d - 8. Suppose 0 = -y + 5 - 2, d*y = 3*q - 27. Let r(c) = 2 + q*c - 14*c + 0. Calculate r(-3).
5
Suppose 3*l = -h + 5, 0*h - h + 3 = 2*l. Let c(t) be the second derivative of -t + 0 + 1/6*t**3 + 1/2*t**2. Calculate c(h).
0
Let w(c) = -155*c + 161*c + c**2 + c**2. Give w(-4).
8
Suppose 7*x = 2*x. Let z(a) be the second derivative of a**5/20 + a**4/12 + 9*a**2/2 + a. What is z(x)?
9
Suppose 2*n + 0*n + 2*r + 26 = 0, -11 = 2*n - 3*r. Let s = n - -7. Let i(y) = y + 1. What is i(s)?
-2
Suppose -8 = q - 4. Let x(z) = -4*z**2 - 3*z - 1. Let d(s) = 9*s**2 + 6*s + 3. Let b(t) = -3*d(t) - 7*x(t). Calculate b(q).
2
Let c(j) = j**2 - 3*j. Let l(t) = -t**2 + 4*t. Let x(o) = 3*c(o) + 2*l(o). Let m be x(0). Let h(v) = -v**3 + v**2 - v - 1. What is h(m)?
-1
Let d(o) = 11*o + 12. Let t(p) = 17*p + 18. Let b(c) = 8*d(c) - 5*t(c). Give b(-4).
-6
Let v(p) be the second derivative of -p**4/12 - 11*p**2/2 + p. Let g(x) = -17*x + 119. Let h be g(7). What is v(h)?
-11
Let k(g) be the second derivative of -g**3/6 - 7*g**2/2 + g. Let v be k(-7). Let z(y) = 0*y + y + 0*y - y**2 + 3. Calculate z(v).
3
Let n(v) = v + 3. Suppose 0 = -2*g - 11 + 3. Let q(c) = c + 7. Let x be q(g). What is n(x)?
6
Let h(y) = -y**2 - 6*y - 1. Let b be h(-5). Suppose -3*a + 11 + b = 0. Suppose 0 = a*v, -12 = 3*o + 3*v + 6. Let w(r) = -r - 3. Give w(o).
3
Let y be 1/((-3)/6 + 1). Let u(o) = 0*o**3 - 2*o**3 + 4*o**2 + 6*o**3 - y - 3*o**3. Give u(-4).
-2
Let a be 6/4*6/(-9). Let c = a + 2. Let b(h) = -h + 3 - 5 + c. Give b(-4).
3
Let x(q) be the first derivative of -5*q**4/2 - q**2 - q - 41. Calculate x(-1).
11
Let z(h) = h - 2. Suppose 0*d = -9*d + 36. Calculate z(d).
2
Let o(p) = -p**3 - 7*p**2 - 2*p - 8. Let f(m) = -m - 13. Let l be f(-6). Give o(l).
6
Let n(d) = -d + 1. Suppose 7 = 3*b + 1. Suppose 3*u = -b*u. Suppose u*f = f, -2*i + 5*f = -10. Calculate n(i).
-4
Let p(f) be the third derivative of -1/6*f**3 + 0 - 1/30*f**5 - 3/40*f**6 + 0*f + 1/12*f**4 + 2*f**2. Suppose -8 + 4 = -4*q. Calculate p(q).
-10
Let j = -38 + 34. Let h(s) be the third derivative of -s**6/120 - s**5/10 - s**4/4 + s**2. Calculate h(j).
-8
Let a(p) = -28*p**3 - 17*p**2 + 17*p + 8. Let h(k) = 9*k**3 + 6*k**2 - 6*k - 3. Let l(i) = -4*a(i) - 11*h(i). Give l(1).
14
Let u(p) = -p + 2*p - 3*p. Let k = 21 + -10. Suppose 4*y - k + 3 = 0. Determine u(y).
-4
Let y(r) = 6*r + 1. Let m = -4 - -7. Let n be 1/(1/(-16)*-2). Suppose -4*h - 3*p - 1 = -n*p, -h = -m*p + 2. Give y(h).
7
Let v(n) = n**3 + 4*n**2 + n - 1. Let t(r) = -r**2 + 7*r - 10. Let p be t(5). Let u = p - 3. Determine v(u).
5
Let f be (0/(-2))/(0 + (5 - 8)). Let s(u) be the third derivative of u**4/24 - 5*u**3/6 - u**2. Give s(f).
-5
Let j(p) = -6*p - 18. Let q(x) = 2*x + 6. Let n(m) = 6*j(m) + 17*q(m). Suppose -5 = k, 2*k = 2*f + 20 + 6. Let c be ((-10)/15)/((-2)/f). Give n(c).
6
Let k(l) = 4*l**2 - l + 1. Let f(n) = n**3 + n**2 - n. Let b be f(1). Determine k(b).
4
Let z(q) be the first derivative of -q**7/840 + q**6/72 + q**5/20 - q**4/24 + q**3/3 - 9. Let n(p) be the third derivative of z(p). Calculate n(6).
-1
Let u be ((-2)/(-5))/(2/20). Let q(r) = 3*r - 9. Let t(d) = d - 1. Let o(z) = q(z) - 4*t(z). Give o(u).
-9
Let h be (4/(-3))/(2/(-3)). Let k(j) = -4 - j - 2 - h + 2. Calculate k(-6).
0
Let w(k) be the second derivative of 1/2*k**3 + 6*k + 1/20*k**